35 a factor of 13148905?
True
Does 19 divide 138390223?
False
Does 47 divide 11773359?
True
Does 805 divide 164064635?
True
Does 101 divide 405595800?
True
Is 652515294 a multiple of 713?
False
Does 1045 divide 24342805?
False
Is 457 a factor of 138329433?
False
Does 21 divide 197441895?
True
Is 25707540 a multiple of 20?
True
Is 25 a factor of 150158650?
True
Is 89 a factor of 285774204?
False
Is 10 a factor of 1309248?
False
Is 177 a factor of 26265232?
False
Is 90468821 a multiple of 23?
True
Is 386932186 a multiple of 39?
False
Does 14 divide 33743542?
True
Does 2420 divide 620204860?
True
Is 153342277 a multiple of 7?
False
Is 81315710 a multiple of 10?
True
Does 7 divide 2072570765?
False
Does 1086 divide 1039302?
True
Does 2841 divide 6721806?
True
Does 342 divide 88186233?
False
Does 23 divide 11468356?
False
Does 1361 divide 1526835128?
True
Is 68376875 a multiple of 18?
False
Does 143 divide 313222495?
False
Is 38 a factor of 490594858?
True
Does 5 divide 767674318?
False
Is 3232258848 a multiple of 2148?
True
Does 9 divide 315557413?
False
Does 448 divide 109429824?
True
Does 5591 divide 147848089?
False
Does 4 divide 2582476?
True
Is 21877273 a multiple of 142?
False
Does 23 divide 238122519?
True
Is 180935920 a multiple of 407?
True
Does 25 divide 9375356?
False
Is 693 a factor of 1583582616?
True
Is 389 a factor of 10262598?
True
Is 13448168 a multiple of 37?
True
Is 8767 a factor of 1838185657?
True
Does 38 divide 1612834?
True
Is 32 a factor of 244535136?
True
Does 1347 divide 1490551137?
True
Does 57 divide 1244499183?
True
Does 287 divide 110977447?
True
Is 286 a factor of 8586711?
False
Is 3597267 a multiple of 800?
False
Is 170 a factor of 35124944?
False
Is 116942270 a multiple of 10?
True
Does 213 divide 197461011?
True
Is 609 a factor of 58546179?
False
Is 5983087185 a multiple of 13539?
True
Is 636 a factor of 341677128?
False
Does 189 divide 423254916?
True
Is 11377125 even?
False
Is 336686465 a multiple of 2846?
False
Is 14529 a factor of 3478119126?
False
Is 393 a factor of 20600274?
True
Is 522 a factor of 25921828?
False
Does 1044 divide 6557364?
True
Is 10103946 a multiple of 1346?
False
Is 164135880 a multiple of 18?
True
Does 2 divide 3658150?
True
Does 17 divide 101397877?
True
Does 8 divide 400662000?
True
Does 201 divide 2594233032?
True
Is 342 a factor of 791302500?
True
Does 2296 divide 2180017560?
True
Does 30 divide 598674052?
False
Is 97157504 a multiple of 134?
True
Is 8 a factor of 3666494?
False
Does 344 divide 676362661?
False
Does 767 divide 1655099850?
False
Does 292 divide 74882421?
False
Is 194706853 a multiple of 447?
False
Is 529439913 a multiple of 70?
False
Does 816 divide 231536393?
False
Does 72 divide 98103770?
False
Does 21 divide 7018245?
False
Is 82864683 a multiple of 9?
True
Is 592925259 a multiple of 34?
False
Is 20312880 a multiple of 7?
True
Is 1081895659 a multiple of 1157?
True
Does 29 divide 1670714094?
False
Does 3550 divide 253967000?
True
Does 13 divide 61400483?
False
Does 1175 divide 224556600?
True
Is 130833495 a multiple of 1651?
True
Is 20 a factor of 45393560?
True
Does 236 divide 87904583?
False
Does 57 divide 1133660460?
True
Is 1679807664 a multiple of 762?
True
Does 234 divide 48863178?
True
Is 107555567 a multiple of 7?
True
Is 13 a factor of 328351842?
True
Is 38 a factor of 7725279?
False
Is 47776652 a multiple of 408?
False
Is 29626343 a multiple of 9?
False
Is 149 a factor of 43562634?
False
Is 216 a factor of 1415727072?
True
Does 9 divide 74994291?
True
Is 1549345 a multiple of 14?
False
Is 1945575124 a multiple of 542?
True
Is 24 a factor of 38625331?
False
Is 49817440 a multiple of 171?
False
Is 194 a factor of 128197121?
False
Is 24 a factor of 737823096?
True
Is 5 a factor of 682949012?
False
Is 13 a factor of 248607856?
False
Is 1206 a factor of 1409727168?
True
Does 163 divide 1859105700?
False
Is 3 a factor of 466799069?
False
Is 11 a factor of 19593700?
False
Does 737 divide 361816884?
True
Is 3968343 a multiple of 11?
False
Is 9 a factor of 191728237?
False
Does 132 divide 751300184?
False
Does 889 divide 495930428?
True
Is 284 a factor of 3400548?
False
Is 24285818 even?
True
Is 48 a factor of 26043938?
False
Does 83 divide 78826581?
False
Is 35478248 a multiple of 6?
False
Is 122 a factor of 6736505?
False
Does 321 divide 29391084?
False
Is 951410472 a multiple of 2500?
False
Does 551 divide 391534?
False
Is 2032 a factor of 477944688?
True
Does 14 divide 66406284?
True
Is 1141 a factor of 150552668?
True
Is 10 a factor of 263511410?
True
Is 117 a factor of 121804020?
True
Is 86417531 a multiple of 184?
False
Is 39 a factor of 45207796?
False
Does 4 divide 31038704?
True
Does 32 divide 30131052?
False
Is 10566738 a multiple of 273?
True
Is 39 a factor of 154010457?
False
Does 259 divide 37002553?
True
Is 210 a factor of 528150210?
True
Is 157 a factor of 1145515?
False
Does 568 divide 16650352?
True
Is 2100 a factor of 135208500?
True
Does 350 divide 549911250?
True
Is 14 a factor of 19348130?
False
Is 47 a factor of 898893941?
True
Is 26299160 a multiple of 1412?
False
Does 1689 divide 1239165252?
True
Is 1400 a factor of 8645000?
True
Does 62 divide 107137252?
False
Is 115 a factor of 267697153?
False
Does 231 divide 2650201309?
False
Does 552 divide 586047871?
False
Does 63 divide 24818535?
True
Is 97 a factor of 561242808?
False
Does 5 divide 22906615?
True
Is 1117 a factor of 8724514?
False
Is 23 a factor of 131314499?
False
Is 902357436 a multiple of 4876?
True
Does 26 divide 1905729?
False
Is 44587357 a multiple of 71?
False
Does 1021 divide 882866868?
True
Is 101512564 a multiple of 599?
False
Does 156 divide 31420960?
False
Is 237565692 a multiple of 1778?
True
Does 1992 divide 401296898?
False
Is 12785760 a multiple of 624?
True
Is 95432570 a multiple of 7418?
True
Is 29607221 a multiple of 107?
True
Is 221207892 a multiple of 35?
False
Is 137975310 a multiple of 45?
True
Does 226 divide 371800510?
True
Is 242 a factor of 77430131?
False
Is 13 a factor of 22205649?
False
Is 577106698 a multiple of 602?
True
Is 4870284661 a multiple of 187?
True
Does 305 divide 7549970?
True
Is 28561120 a multiple of 6?
False
Does 8 divide 43249064?
True
Is 366 a factor of 29017292?
False
Does 13 divide 1316472226?
False
Is 37 a factor of 137089850?
False
Is 24 a factor of 119326415?
False
Is 966 a factor of 299013121?
False
Is 6 a factor of 1893000?
True
Is 3 a factor of 7892832?
True
Is 75658909 a multiple of 5?
False
Is 15076816 a multiple of 4?
True
Is 112301702 a multiple of 13?
False
Does 1682 divide 512870394?
True
Is 339521260 a multiple of 230?
False
Does 1088 divide 632125471?
False
Does 2 divide 96897?
False
Is 377929377 a multiple of 69?
False
Does 405 divide 3995767619?
False
Is 219 a factor of 34281165?
True
Does 43 divide 11555468?
False
Is 156 a factor of 15083796?
True
Is 381 a factor of 486740835?
True
Is 45 a factor of 216395450?
False
Is 8 a factor of 9421080?
True
Is 54 a factor of 276884752?
False
Does 16 divide 167164412?
False
Does 1102 divide 12332381?
False
Is 24 a factor of 18654600?
True
Is 8418740 a multiple of 34?
True
Does 5 divide 637870602?
False
Does 173 divide 39160436?
False
Is 10 a factor of 52783170?
True
Is 60 a factor of 2800261380?
True
Is 14 a factor of 28907440?
False
Does 42 divide 55446147?
False
Is 164733342 a multiple of 163?
True
Does 95 divide 101227725?
True
Is 10388463 a multiple of 4?
False
Is 19520264 a multiple of 312?
False
Does 4487 divide 513792909?
True
Does 378 divide 1473524514?
True
Is 167 a factor of 15284341?
True
Is 538488614 a multiple of 15?
False
Does 586 divide 65647236?
True
Does 14 divide 54123468?
True
Is 19523570 a multiple of 30?
False
Is 33867938 a multiple of 107?
False
Is 5735430081 a multiple of 5069?
False
Is 527713732 a multiple of 4459?
True
Is 33970320 a multiple of 270?
True
Does 175 divide 3639570124?
False
Does 99 divide 41636529?
True
Does 13 divide 321803096?
False
Does 10 divide 762551670?
True
Does 53 divide 916840013?
False
Is 424 a factor of 357076527?
False
Does 136 divide 4123729537?
False
Is 97 a factor of 1142474120?
False
Is 659924752 a multiple of 12?
False
Does 2663 divide 5299370?
True
Does 4 divide 254348972?
True
Does 24 divide 90824458?
False
Is 409 a 